et u(p) = 2 - 2 + s + p + 1. Give u(-5).
-3
Let t(b) = -b**3 - b**2 + b. Let p be (-2 + 0)/(-2) + 0. Let a(c) = 5*c**3 + 7*c**2 - 5*c + 4. Let z(x) = p*a(x) + 4*t(x). Give z(-3).
7
Let m(f) be the first derivative of -f - 1. Let d(z) = -5*z + 1. Let q(w) = -d(w) - 2*m(w). Give q(1).
6
Let j(y) = -2*y + 5. Let t(q) = -q**3 - 4*q**2 - 2*q - 3. Let l be t(-4). Suppose 6*d - 3 = 5*d, -2*s = -l*d + 7. Determine j(s).
-3
Let d(f) = -3*f - 1. Suppose 0 = 3*n - 5*q + 28, 4*n = -q + 4*q - 19. Calculate d(n).
2
Let b be 3/(6/(-4)) + 7. Suppose -1 = -2*m - b. Let t(u) be the second derivative of -u**5/20 + u**3/3 + u**2 - u. Calculate t(m).
6
Let n(d) = -2 + d**2 + 8 - 7*d - 6. Determine n(6).
-6
Let j = 9 - 11. Let g(a) = -3*a - 3. What is g(j)?
3
Let y(z) = 3*z**3 + 4*z - 4*z**2 - 6 - 4*z**3 - 9*z. What is y(-4)?
14
Let g(t) = t**2 + 9*t. Let c be g(-9). Let k(v) = v - 1. Give k(c).
-1
Let b(i) = i**3 + i**2 + i. Let r(o) be the first derivative of -o**4/4 + 4*o**3 - 11*o**2/2 - o + 1. Let n = 12 + -1. Let y be r(n). What is b(y)?
-1
Let v(k) = k. Let t(j) = 4*j - 3. Let h(a) = t(a) - 5*v(a). What is h(-6)?
3
Let n(k) be the first derivative of -16*k**3/3 - k**2 - k + 28. Give n(-1).
-15
Suppose 9 = 4*b - 5*w, -22 + 6 = -b + 4*w. Let l be (-21)/14 - 2/b. Let n(c) = -6*c**3 - 1. Determine n(l).
5
Let w(r) = 1 - r + 4*r**2 + r**2 - 4*r**2. Suppose 5 = 5*g + 3*d - 10, -4*g - d + 12 = 0. Suppose l = -g*l. What is w(l)?
1
Let g(k) = -2*k. Let r be g(-2). Suppose -r*i + 16 = -0. Let b(j) = -j - 3 - 4*j**2 + j**3 + j**2 - 4*j. Calculate b(i).
-7
Let h(p) be the second derivative of -1/12*p**4 + 0 + 2/3*p**3 + 3/2*p**2 - 3*p. Calculate h(5).
-2
Let p(f) be the second derivative of -f**4/12 + f**3/2 - f**2 - 24*f. Give p(3).
-2
Let h(u) be the first derivative of 2 - 5/3*u**3 + 3/2*u**2 - 2*u + 1/4*u**4. Give h(4).
-6
Let f be (3 + 54/(-14))*7. Let k = f - -11. Let d(o) = o**2 - 6*o - 4. Determine d(k).
-9
Let s(n) = 8*n - 1. Let j(t) = -7*t + 1. Let l(o) = 4*j(o) + 3*s(o). Let p(q) = q**2 + 3*q + 3. Let v be p(-3). Suppose -v*y + 1 = -4*y. What is l(y)?
5
Let k(n) = 5*n + 1. Let r be (0 + 1)/(-1)*0. Suppose r = 4*g - 0 + 4. Give k(g).
-4
Suppose 8*s - 20 = 3*s. Let a(q) = q**2 - 7*q. Let c(u) = 3*u**2 - 22*u + 1. Let j(p) = 7*a(p) - 2*c(p). Give j(s).
-6
Let r(s) be the first derivative of 4*s**3 - s + 7 + 4*s**3 - s**2 - 2*s**3 - 2*s**3. Determine r(-1).
13
Let p = -11 + 18. Let o(s) = s**3 - 8*s**2 + 6*s + 3. Calculate o(p).
-4
Let t(w) = -3*w**2 - 2*w + 1. Let c(i) = -i**2 + 7*i - 6. Let v be c(6). Suppose -m + y + v*y - 7 = 0, -5 = -y. Calculate t(m).
-7
Suppose 3*j + 26 = -4*k, -4*k = 2*j + k + 29. Let v(b) = -b**2 - 3*b - 2*b**2 - 2 - b. What is v(j)?
-6
Let z(o) be the first derivative of 3*o + 1/3*o**3 + 2 - 2*o**2. Suppose 17 - 2 = 3*x. Give z(x).
8
Let g be (1 - (-10)/(-7))/(5/(-35)). Let l(n) = -3*n + 1. Calculate l(g).
-8
Let q(p) be the third derivative of p**5/60 - p**4/4 + p**3/2 + 3*p**2 + 2. Suppose 0 = -x + 2, -4 + 0 = l - 4*x. Calculate q(l).
-5
Let d(n) be the third derivative of n**6/120 + 7*n**5/60 + n**4/4 + 7*n**3/6 + 3*n**2. Calculate d(-6).
7
Let t(s) be the first derivative of 2*s**2 - s + 1. Suppose z = -21 - 5. Let n = z - -27. What is t(n)?
3
Let d = -4 - -2. Let p = d - -2. Let q = 5 + p. Let t(b) = b**3 - 6*b**2 + 4*b + 6. What is t(q)?
1
Let a(v) be the first derivative of v**5/60 - v**4/8 + v**3/3 - 3*v**2 - 2. Let x(j) be the second derivative of a(j). Give x(3).
2
Let c = -146 - -145. Let d(g) = -g - 1. Calculate d(c).
0
Let a(r) = r**2 - 3*r - 4. Let f = 31 - 28. Give a(f).
-4
Let l(s) = 8*s - 13. Let w(a) = -17*a + 27. Let c(r) = -13*l(r) - 6*w(r). Give c(5).
-3
Let z(h) be the first derivative of 3*h**2/2 - 4*h + 5. Give z(3).
5
Let d(i) = i - 1. Let b(s) = 4*s + 1. Let p be (-2)/4*10/(-1). Let l be b(p). Suppose -y - l = 4*y + 2*h, 5*h = 2*y + 20. What is d(y)?
-6
Let x(a) be the third derivative of -1/3*a**3 + 1/120*a**6 + 9*a**2 - 1/30*a**5 + 0 + 1/6*a**4 + 0*a. Calculate x(2).
6
Suppose 0 = -2*o + o + 3*o. Let t(w) = -w**3 - w**2 - w + 1. What is t(o)?
1
Let o(u) be the first derivative of -u**2/2 + 4*u + 1. Let a(g) = -g**2 - 10*g - 19. Let c be a(-6). Calculate o(c).
-1
Let a be 2/((-12)/(-3) - 2). Let g(m) be the third derivative of m**6/24 + m**4/12 - m**3/6 + 2*m**2. Give g(a).
6
Let q(z) = 2*z - 2. Suppose 3*p = -2*l + 7, 11 + 3 = p + 3*l. Let h = 1 - p. Let x = h + 0. Give q(x).
2
Let r(d) be the first derivative of d**3/3 - 3*d**2/2 + 2*d + 2. Determine r(4).
6
Suppose -3*g + 9 = -2*g. Let m be (3/g)/(6/(-54)). Let s(d) = -d**2 - 7*d - 3. Calculate s(m).
9
Let j(t) = -t**3 - 6*t**2 + t + 6. Let q be (2 - -1) + (-9)/(-6)*-6. What is j(q)?
0
Let a(h) = -2*h**2 + 8*h - 1. Let b(x) = 3*x**2 - 12*x + 2. Let k(y) = 7*a(y) + 5*b(y). Suppose -l - 12 = -15. Determine k(l).
0
Let t = 8 + -14. Let s be -2 + 0 + t + 3. Let w(c) = 3*c + 7. What is w(s)?
-8
Let r be 8/(-4)*(-6)/(-4). Let q(z) = -4*z**3 + 3*z**2 - 3*z - 2. Let g(t) = 3*t**3 - 3*t**2 + 3*t + 1. Let o(u) = 6*g(u) + 5*q(u). Determine o(r).
14
Let n(v) = -4*v**2 + 8*v + 1. Let l(h) = 9*h**2 - 16*h - 3. Let b(y) = -3*l(y) - 7*n(y). Calculate b(6).
-10
Let c(z) = 25*z**2 + 4*z - 42*z**2 - 6 + 16*z**2. Give c(5).
-11
Let r(i) be the second derivative of -i**5/20 + i**4/12 - 3*i**2/2 - 4*i. Suppose 0 = -m + 3*m. Determine r(m).
-3
Let x(l) = 2*l - 3. Suppose 5*b = 4*b + 2*m - 3, -3*b - 9 = m. Calculate x(b).
-9
Let i(a) = -a**2 - 5*a - 3. Let h be 145/10 - 1/(-2). Let t = h + -19. Give i(t).
1
Let g be (-1 + -4)*(2 + -1). Let y(z) = 1 - z - 2 - 2 - 7. Calculate y(g).
-5
Let g be (-70)/(-49) - (-6)/(-14). Let x(v) = -9*v. What is x(g)?
-9
Let j(f) = -1 - 6*f**2 - 2*f**2 + 9*f**2 - 5*f. Suppose -3*s - 17 = -m, 3*m - 2 = -3*s + 1. What is j(m)?
-1
Let j(p) = -2*p - 5*p**2 + 5*p**2 - 1 - 4*p**2. Calculate j(-1).
-3
Let h(i) = i**3 - 7*i**2 + 8*i + 3. Let t(r) = r**3 - 7*r**2 + 7*r + 4. Let d(b) = -2*h(b) + 3*t(b). Determine d(6).
0
Let j(i) = -2*i**2 + 2*i - 1. Let q be 0 - 2*(-3)/2. Suppose 4*k - 1 = q. Determine j(k).
-1
Let a(j) = -j + 7. Let g = -32 + 27. Determine a(g).
12
Let z(t) be the second derivative of -t**3/2 - 3*t**2 + 2*t. Suppose 3*d + 10 = -2. Let b(m) = -3*m - 6. Let h(v) = d*b(v) + 5*z(v). Calculate h(-4).
6
Suppose 5*y - 14 = -n, -2*y + 6 + 2 = n. Let l = -5 - -7. Let o(p) = l + 7*p - 2*p**2 - 2 - 6. Calculate o(n).
-10
Let u(w) be the first derivative of -w**4/4 + w - 22. Give u(-2).
9
Let t(q) = q**3 + 4*q**2 - 5*q + 4. Let y be t(-5). Suppose 3*l + y = l. Let k(g) = -1 + 2 - 5*g + 4*g + g**2. Calculate k(l).
7
Suppose -u + 4*j = 12, 7*u = 4*u - j + 29. Let h(f) = -f**2 + 8*f + 2. Calculate h(u).
2
Let t(l) = -l - 4. Let q be t(-5). Let x be q/(-3) + (-7)/(-3). Let r(m) = -5*m + 2*m - x - m**2 + 1. Calculate r(-3).
-1
Let t(v) be the third derivative of -v**7/840 + v**6/72 + v**5/15 - 7*v**4/24 + v**3/3 + v**2. Let w(i) be the first derivative of t(i). Give w(6).
5
Let f(z) = z**2 + 8*z + 7. Let x(r) = 3*r**2 + 1 - 7*r**2 - r**2 - 2*r**2. Let d be x(1). Give f(d).
-5
Let r(k) = 2*k**2 + 2*k + 3. Let t be r(-2). Let b(c) = 1 + c**3 - t*c**2 - 2 + 7*c + 3. Give b(6).
8
Let m(z) = -4*z - 1. Suppose c + 3*o = 2, -o - 2 = 4*c + o. Calculate m(c).
3
Let w be 3 - (1/(-2) + 2). Let c(k) be the first derivative of w*k**2 + k + 2. Calculate c(-3).
-8
Let m(q) = -2*q + 5. Let o(s) = 2*s**2 - 24*s + 13*s + 3*s**3 + 10*s. Let l be o(1). Calculate m(l).
-3
Let z be (0 + (-6)/4)*120/90. Let y(k) = k**3 + 2*k**2. Give y(z).
0
Let y(u) = -u**2 - 6*u + 2. Let s be y(-6). Let l(t) = 4*t + 0*t**2 + 0*t**2 + 2 + t**2 + s. Let d(p) = -5*p**3 + 2*p**2 - p. Let o be d(1). Give l(o).
4
Let o be (-1)/(-4) - (-39)/(-12). Let z(y) = -y**3 - y**2 + 3*y. What is z(o)?
9
Suppose -2*w - 6 = -5*w. Let u(n) = -w*n + 4 + n**3 - 5*n**2 + 2*n - 2*n**3. What is u(-5)?
4
Let s = 0 + 1. Let r(z) be the third derivative of 13*z**6/720 - z**5/120 + z**4/8 + 2*z**2. Let j(b) be the second derivative of r(b). Determine j(s).
12
Let l = -19 + 29. Let t be l/(-1 + (1 - -2)). Let d(q) = -q**3 + 5*q**2 + q - 2. What is d(t)?
3
Let y(j) = -4*j**2 + 3*j**3 - 4*j**3 + 0*j**2 + 5*j. Let w be y(-5). Let o(i) = i**2 - 6. What is o(w)?
-6
Let a(x) = x**2 + 6*x + 5. Suppose 5*u + 9 = -5*f + 24, 0 =